visor of 987169 and 8245.
97
What is the highest common divisor of 482048 and 72?
8
Calculate the highest common divisor of 1397 and 1281038.
11
Calculate the greatest common divisor of 20363 and 269.
1
Calculate the greatest common divisor of 9455230 and 3944.
34
Calculate the greatest common divisor of 110400 and 26358.
138
Calculate the greatest common divisor of 1195540 and 2230.
10
Calculate the highest common divisor of 8 and 237884.
4
Calculate the highest common divisor of 873607272 and 2472.
2472
What is the greatest common factor of 413 and 131467?
7
Calculate the highest common factor of 8661600 and 1504.
32
What is the highest common divisor of 2684 and 1698488?
44
Calculate the highest common divisor of 13081 and 8128.
127
What is the highest common divisor of 244608538 and 31?
31
What is the highest common factor of 56 and 5857733?
7
Calculate the highest common divisor of 261 and 25169652.
9
What is the greatest common divisor of 1920723 and 21?
21
What is the highest common factor of 1575 and 10257660?
315
Calculate the greatest common factor of 6820 and 17081.
31
What is the greatest common factor of 63167 and 72238753?
4859
What is the greatest common factor of 16472 and 22622233?
2059
Calculate the highest common factor of 3974325 and 34200.
1425
What is the highest common divisor of 6 and 48493164?
6
Calculate the highest common factor of 1894954035 and 195.
195
What is the highest common divisor of 81200162 and 1414?
202
Calculate the highest common factor of 28810 and 254990.
430
What is the highest common factor of 5274798539 and 17?
17
What is the greatest common factor of 144 and 2448972?
36
What is the highest common divisor of 102450 and 617?
1
What is the greatest common factor of 4404630 and 3526?
82
What is the greatest common divisor of 30 and 1015926?
6
Calculate the greatest common divisor of 620948 and 11613572.
6148
Calculate the highest common factor of 12102272 and 5376.
896
Calculate the highest common divisor of 571 and 32078209.
571
Calculate the highest common divisor of 875649 and 9664.
151
What is the greatest common factor of 729534 and 18?
6
What is the greatest common factor of 114223384 and 1672?
88
Calculate the greatest common factor of 4 and 63928492.
4
What is the greatest common divisor of 2092975 and 50?
25
What is the highest common factor of 22566728 and 656?
328
Calculate the greatest common factor of 17547824 and 148.
4
What is the highest common factor of 384 and 177469152?
96
Calculate the highest common divisor of 26046210 and 210.
30
Calculate the highest common factor of 65 and 648705460.
65
What is the highest common factor of 2857153 and 415232?
811
What is the greatest common divisor of 3260 and 18612970?
1630
What is the greatest common factor of 345 and 47779625?
115
What is the greatest common divisor of 1398453 and 105?
21
Calculate the greatest common divisor of 829206 and 15246.
126
Calculate the greatest common factor of 82760 and 573102655.
10345
Calculate the greatest common factor of 756922879 and 67615.
13523
What is the greatest common factor of 2807872 and 289682?
1202
What is the highest common divisor of 2340 and 3722706?
234
Calculate the greatest common divisor of 600563 and 2077.
31
What is the highest common factor of 253 and 3098788?
11
What is the greatest common factor of 2009667 and 44?
11
Calculate the greatest common factor of 775 and 4926365.
155
Calculate the highest common factor of 1890 and 5341770.
630
Calculate the greatest common divisor of 180 and 1532220.
60
What is the greatest common divisor of 39 and 1077293490?
39
What is the highest common divisor of 588 and 9295356?
84
Calculate the highest common factor of 18021462 and 2584.
646
What is the greatest common divisor of 2856 and 3827992?
952
Calculate the highest common factor of 33477485 and 2830.
1415
What is the greatest common divisor of 32315600 and 1600?
400
Calculate the highest common divisor of 570840 and 2201.
71
Calculate the greatest common divisor of 50 and 40475950.
50
What is the highest common divisor of 9450 and 32550525?
4725
What is the greatest common factor of 101340260 and 280?
140
Calculate the highest common divisor of 101385 and 5735387.
751
What is the highest common divisor of 12341400 and 31650?
150
What is the highest common divisor of 604003 and 3496?
23
Calculate the highest common divisor of 1255 and 1848992755.
1255
Calculate the greatest common factor of 82512108 and 3024.
756
What is the greatest common factor of 2094816 and 52704?
96
What is the greatest common factor of 144 and 89422864?
16
What is the highest common factor of 1668314 and 190361?
817
Calculate the greatest common factor of 3120 and 3429190.
10
What is the greatest common divisor of 26 and 2524405?
13
Calculate the highest common factor of 397612 and 1298124.
428
What is the greatest common factor of 18532 and 2052419?
4633
What is the greatest common divisor of 615 and 32029200?
615
What is the highest common factor of 4565944 and 16?
8
Calculate the greatest common divisor of 61996794 and 18.
6
Calculate the highest common divisor of 1437 and 3351563.
479
What is the greatest common divisor of 61876845 and 1215?
135
Calculate the greatest common factor of 219861898 and 79.
79
Calculate the greatest common factor of 34048186 and 1492.
746
What is the greatest common divisor of 165 and 21106965?
165
Calculate the highest common divisor of 59010 and 5334.
42
Calculate the highest common factor of 14521 and 13682133.
1117
What is the highest common factor of 12833 and 4976867?
41
Calculate the greatest common divisor of 1272744 and 16192.
88
What is the greatest common factor of 684705 and 111?
3
Calculate the highest common factor of 17808 and 75949.
53
What is the highest common divisor of 157 and 15334661?
157
Calculate the greatest common divisor of 65 and 102071216.
13
What is the greatest common divisor of 80 and 4724928?
16
Calculate the highest common factor of 18 and 55985574.
6
Calculate the highest common factor of 2363407 and 129167.
3491
What is the greatest common factor of 12 and 188381856?
12
What is the highest common divisor of 11279232 and 160?
32
Calculate the highest common factor of 2290325 and 91035.
1445
Calculate the greatest common factor of 152 and 116637922.
38
What is the greatest common divisor of 85 and 107742770?
85
What is the greatest common factor of 5290285 and 9800?
245
What is the greatest common factor of 50 and 616868650?
50
What is the highest common divisor of 6101333 and 178801?
2009
Calculate the highest common factor of 797847451 and 2855.
571
Calculate the greatest common factor of 10928790 and 3060.
1530
What is the greatest common factor of 117776 and 134?
2
What is the highest common divisor of 127642868 and 136?
68
What is the greatest common divisor of 125326 and 345068?
562
What is the highest common divisor of 181551216 and 33?
33
What is the highest common factor of 81180 and 16016220?
1980
What is the greatest common divisor of 1582091 and 7?
7
Calculate the highest common divisor of 7424 and 1355576.
232
Calculate the highest common divisor of 4340 and 55112120.
140
Calculate the highest common factor of 366 and 746091.
183
What is the greatest common factor of 4108 and 38953320?
316
Calculate the greatest common divisor of 16 and 67134064.
16
What is the highest common factor of 1795 and 341133647?
359
Calculate the greatest common divisor of 136870861 and 69.
23
What is the greatest common divisor of 67200 and 3504?
48
What is the greatest common divisor of 73 and 107246?
1
Calculate the greatest common factor of 23711 and 217019.
181
Calculate the highest common divisor of 2361160528 and 16.
16
Calculate the greatest common divisor of 4010877 and 585.
117
What is the greatest common divisor of 74934 and 10629?
9
What is the highest common divisor of 52966965 and 1520?
95
Calculate the greatest common divisor of 360 and 135494445.
15
Calculate the highest common divisor of 35649 and 139179.
51
What is the greatest common factor of 206253 and 5292?
27
What is the highest common factor of 3 and 21419649?
3
What is the greatest common factor of 22620 and 42889260?
1740
Calculate the highest common divisor of 110 and 133748890.
110
Ca